{"id":22,"date":"2016-03-24T18:37:17","date_gmt":"2016-03-24T18:37:17","guid":{"rendered":"https:\/\/wwwaie.webs.upc.edu\/maema\/?page_id=22"},"modified":"2018-03-08T19:00:49","modified_gmt":"2018-03-08T19:00:49","slug":"sample-page-2","status":"publish","type":"page","link":"https:\/\/aie.upc.edu\/maema\/","title":{"rendered":"presentaci\u00f3"},"content":{"rendered":"<div class=\"titular1\" style=\"text-align: justify;\">\n<p>Benvinguts a la l\u00ednia de m\u00e0ster<strong>\u00a0<a href=\"http:\/\/www.upc.edu\/aprendre\/estudis\/masters-universitaris\/estudis-avancats-en-arquitectura-barcelona-mbarch\" target=\"_blank\" rel=\"noopener\">Arquitectura, Energia i Medi Ambient<\/a><\/strong> del M\u00e0ster Universitari en Estudis Avan\u00e7ats, <strong>MBArch<\/strong>, a l\u2019Escola T\u00e8cnica Superior d\u2019Arquitectura de Barcelona, <strong>ETSAB UPC.<\/strong><\/p>\n<p>La missi\u00f3 principal del m\u00e0ster \u00e9s oferir als seus participants un <strong>coneixement complet sobre el comportament energ\u00e8tic dels espais arquitect\u00f2nics i la seva repercussi\u00f3 en la percepci\u00f3 i confort dels usuaris. L\u2019impacte de les decisions arquitect\u00f2niques i urbanes en el medi ambient<\/strong> \u00e9s analitzat amb l\u2019objectiu d\u2019establir unes directrius principals per al proc\u00e9s de projecte.<\/p>\n<p>Al final dels seus estudis, tots els participants hauran d\u2019arribar a un perfecte control de l\u2019an\u00e0lisi dels ambients energ\u00e8tics en l\u2019arquitectura i els seus components est\u00e8tics i funcionals. D\u2019aquesta manera, s\u2019espera que siguin capa\u00e7os d\u2019experimentar, amb una s\u00f2lida base acad\u00e8mica, nous plantejaments arquitect\u00f2nics.<\/p>\n<p>El m\u00e0ster est\u00e0 preferentment orientat a la <strong>recerca<\/strong> i prepara als seus candidats per a accedir a un doctorat. <strong>El programa doctoral \u201cArquitectura, Energia i Medi Ambient\u201d<\/strong> estableix com a pre-requisit d\u2019acc\u00e9s haver cursat aquest m\u00e0ster. D&#8217;aquesta manera, s&#8217;agilitza el desenvolupament de la fase d&#8217;investigaci\u00f3 del doctorat i s&#8217;ofereix la possibilitat de beneficiar-se de l&#8217;oferta docent del m\u00e0ster MBArch.<\/p>\n<p>Els estudis cobriran el camp de <strong>l\u2019energia a l\u2019arquitectura a trav\u00e9s de diferents disciplines i punts de vista<\/strong>. <strong>L\u2019energia s\u2019estudiar\u00e0 a trav\u00e9s de les seves diferents formes<\/strong>: llum, temperatura, ac\u00fastica&#8230;etc i s\u2019utilitzar\u00e0 per a analitzar el confort ambiental dels espais arquitect\u00f2nics. Els aspectes clim\u00e0tics tamb\u00e9 seran tinguts en compte amb l\u2019objectiu d\u2019integrar, un una doctrina \u00fanica, els diferents camps cient\u00edfics normalment desconnectats i obtenir un sistema global de coneixement i avaluaci\u00f3 dels espais energ\u00e8tics a l\u2019entorn constru\u00eft. En aquest context, s\u2019abordar\u00e0 l\u2019<strong>avaluaci\u00f3 i integraci\u00f3 de sistemes d\u2019energia<\/strong> en l\u2019arquitectura i el comportament constructiu per a poder avaluar el seu impacte ambiental.<\/p>\n<p>Per a refor\u00e7ar el coneixement te\u00f2ric adquirit, es realitzaran <strong>an\u00e0lisis de casos d\u2019estudi reals<\/strong> amb l\u2019objectiu d\u2019avaluar el comportament de l\u2019edifici. S\u2019espera que els estudiants aprenguin a fer simulacions per a ser capa\u00e7os de verificar l\u2019operativitat de de les eines utilitzades.<\/p>\n<p>El coneixement apr\u00e8s s\u2019aplicar\u00e0 a trav\u00e9s de dos processos transversals: En primer lloc, es desenvolupar\u00e0 un <strong>projecte de cas d\u2019estudi<\/strong> amb l\u2019objectiu de traslladar el corpus te\u00f2ric al disseny pr\u00e0ctic. Finalment, s\u2019introduir\u00e0 als estudiants en el proc\u00e9s d\u2019investigaci\u00f3 a trav\u00e9s del desenvolupament d\u2019un <strong>projecte d\u2019investigaci\u00f3<\/strong>. Conceptes com la hip\u00f2tesis, t\u00e8cniques d\u2019investigaci\u00f3, l\u2019estat de l\u2019art&#8230; seran \u00e0mpliament discutits. El resultat final ser\u00e0 la preparaci\u00f3 i presentaci\u00f3 d\u2019una dissertaci\u00f3-tesina.<\/p>\n<p>El m\u00e0ster \u201cArquitectura, Energia i Medi Ambient\u201d t\u00e9 la duraci\u00f3 d\u2019un <strong>any acad\u00e8mic<\/strong> i requereix una <strong>dedicaci\u00f3 completa<\/strong> per a seguir adequadament el contingut acad\u00e8mic i les pr\u00e0ctiques personals.<\/p>\n<div>\u00a0<\/div>\n<\/div>\n","protected":false},"excerpt":{"rendered":"<div class=\"titular1\" style=\"text-align: justify;\">\n<p>Benvinguts a la l\u00ednia de m\u00e0ster<strong>\u00a0<a href=\"http:\/\/www.upc.edu\/aprendre\/estudis\/masters-universitaris\/estudis-avancats-en-arquitectura-barcelona-mbarch\" target=\"_blank\" rel=\"noopener\">Arquite&#8230;<\/p>\n","protected":false},"author":8,"featured_media":0,"parent":0,"menu_order":0,"comment_status":"closed","ping_status":"closed","template":"","meta":{"_monsterinsights_skip_tracking":false,"_monsterinsights_sitenote_active":false,"_monsterinsights_sitenote_note":"","_monsterinsights_sitenote_category":0,"jetpack_post_was_ever_published":false,"footnotes":""},"class_list":["post-22","page","type-page","status-publish","hentry"],"jetpack_sharing_enabled":true,"jetpack_shortlink":"https:\/\/wp.me\/P7oi36-m","jetpack-related-posts":[],"_links":{"self":[{"href":"https:\/\/aie.upc.edu\/maema\/wp-json\/wp\/v2\/pages\/22","targetHints":{"allow":["GET"]}}],"collection":[{"href":"https:\/\/aie.upc.edu\/maema\/wp-json\/wp\/v2\/pages"}],"about":[{"href":"https:\/\/aie.upc.edu\/maema\/wp-json\/wp\/v2\/types\/page"}],"author":[{"embeddable":true,"href":"https:\/\/aie.upc.edu\/maema\/wp-json\/wp\/v2\/users\/8"}],"replies":[{"embeddable":true,"href":"https:\/\/aie.upc.edu\/maema\/wp-json\/wp\/v2\/comments?post=22"}],"version-history":[{"count":172,"href":"https:\/\/aie.upc.edu\/maema\/wp-json\/wp\/v2\/pages\/22\/revisions"}],"predecessor-version":[{"id":830,"href":"https:\/\/aie.upc.edu\/maema\/wp-json\/wp\/v2\/pages\/22\/revisions\/830"}],"wp:attachment":[{"href":"https:\/\/aie.upc.edu\/maema\/wp-json\/wp\/v2\/media?parent=22"}],"curies":[{"name":"wp","href":"https:\/\/api.w.org\/{rel}","templated":true}]}}

presentació

<div class="titular1" style="text-align: justify;">
<p>Benvinguts a la línia de màster<strong> <a href="http://www.upc.edu/aprendre/estudis/masters-universitaris/estudis-avancats-en-arquitectura-barcelona-mbarch" target="_blank" rel="noopener">Arquitectura, Energia i Medi Ambient</a></strong> del Màster Universitari en Estudis Avançats, <strong>MBArch</strong>, a l’Escola Tècnica Superior d’Arquitectura de Barcelona, <strong>ETSAB UPC.</strong></p>
<p>La missió principal del màster és oferir als seus participants un <strong>coneixement complet sobre el comportament energètic dels espais arquitectònics i la seva repercussió en la percepció i confort dels usuaris. L’impacte de les decisions arquitectòniques i urbanes en el medi ambient</strong> és analitzat amb l’objectiu d’establir unes directrius principals per al procés de projecte.</p>
<p>Al final dels seus estudis, tots els participants hauran d’arribar a un perfecte control de l’anàlisi dels ambients energètics en l’arquitectura i els seus components estètics i funcionals. D’aquesta manera, s’espera que siguin capaços d’experimentar, amb una sòlida base acadèmica, nous plantejaments arquitectònics.</p>
<p>El màster està preferentment orientat a la <strong>recerca</strong> i prepara als seus candidats per a accedir a un doctorat. <strong>El programa doctoral “Arquitectura, Energia i Medi Ambient”</strong> estableix com a pre-requisit d’accés haver cursat aquest màster. D&#8217;aquesta manera, s&#8217;agilitza el desenvolupament de la fase d&#8217;investigació del doctorat i s&#8217;ofereix la possibilitat de beneficiar-se de l&#8217;oferta docent del màster MBArch.</p>
<p>Els estudis cobriran el camp de <strong>l’energia a l’arquitectura a través de diferents disciplines i punts de vista</strong>. <strong>L’energia s’estudiarà a través de les seves diferents formes</strong>: llum, temperatura, acústica&#8230;etc i s’utilitzarà per a analitzar el confort ambiental dels espais arquitectònics. Els aspectes climàtics també seran tinguts en compte amb l’objectiu d’integrar, un una doctrina única, els diferents camps científics normalment desconnectats i obtenir un sistema global de coneixement i avaluació dels espais energètics a l’entorn construït. En aquest context, s’abordarà l’<strong>avaluació i integració de sistemes d’energia</strong> en l’arquitectura i el comportament constructiu per a poder avaluar el seu impacte ambiental.</p>
<p>Per a reforçar el coneixement teòric adquirit, es realitzaran <strong>anàlisis de casos d’estudi reals</strong> amb l’objectiu d’avaluar el comportament de l’edifici. S’espera que els estudiants aprenguin a fer simulacions per a ser capaços de verificar l’operativitat de de les eines utilitzades.</p>
<p>El coneixement après s’aplicarà a través de dos processos transversals: En primer lloc, es desenvoluparà un <strong>projecte de cas d’estudi</strong> amb l’objectiu de traslladar el corpus teòric al disseny pràctic. Finalment, s’introduirà als estudiants en el procés d’investigació a través del desenvolupament d’un <strong>projecte d’investigació</strong>. Conceptes com la hipòtesis, tècniques d’investigació, l’estat de l’art&#8230; seran àmpliament discutits. El resultat final serà la preparació i presentació d’una dissertació-tesina.</p>
<p>El màster “Arquitectura, Energia i Medi Ambient” té la duració d’un <strong>any acadèmic</strong> i requereix una <strong>dedicació completa</strong> per a seguir adequadament el contingut acadèmic i les pràctiques personals.</p>
<div> </div>
</div>

<div class="titular1" style="text-align: justify;">
<p>Benvinguts a la línia de màster<strong> <a href="http://www.upc.edu/aprendre/estudis/masters-universitaris/estudis-avancats-en-arquitectura-barcelona-mbarch" target="_blank" rel="noopener">Arquite&#8230;</p>
